{"id":307,"date":"2025-03-21T02:37:30","date_gmt":"2025-03-21T02:37:30","guid":{"rendered":"https:\/\/perupernos.com.pe\/?post_type=product&#038;p=307"},"modified":"2025-03-22T03:07:50","modified_gmt":"2025-03-22T03:07:50","slug":"guantes-truper-de-nitrilo-alta-sensibilidad-talla-ch","status":"publish","type":"product","link":"https:\/\/perupernos.com.pe\/?product=guantes-truper-de-nitrilo-alta-sensibilidad-talla-ch","title":{"rendered":"Guantes Truper de Nitrilo \u2013 Alta Sensibilidad (Talla CH)"},"content":{"rendered":"<p>Los <strong data-start=\"519\" data-end=\"566\">guantes Truper con recubrimiento de nitrilo<\/strong> est\u00e1n dise\u00f1ados para brindar protecci\u00f3n, confort y alta sensibilidad durante tareas que requieren precisi\u00f3n. Su tejido flexible se adapta a la forma de la mano, mientras que el recubrimiento de nitrilo ofrece resistencia a la abrasi\u00f3n, aceites y qu\u00edmicos suaves.<\/p>\n<p class=\"\" data-start=\"831\" data-end=\"1015\">Son ideales para la industria mec\u00e1nica, construcci\u00f3n, mantenimiento y uso general. Su dise\u00f1o ergon\u00f3mico mejora el agarre y permite un control preciso de herramientas o piezas peque\u00f1as.<\/p>\n<ul data-start=\"1017\" data-end=\"1161\">\n<li class=\"\" data-start=\"1017\" data-end=\"1047\">\n<p class=\"\" data-start=\"1019\" data-end=\"1047\">\u2705 Alta sensibilidad t\u00e1ctil<\/p>\n<\/li>\n<li class=\"\" data-start=\"1048\" data-end=\"1084\">\n<p class=\"\" data-start=\"1050\" data-end=\"1084\">\u2705 Revestimiento de nitrilo negro<\/p>\n<\/li>\n<li class=\"\" data-start=\"1085\" data-end=\"1107\">\n<p class=\"\" data-start=\"1087\" data-end=\"1107\">\u2705 Talla chica (CH)<\/p>\n<\/li>\n<li class=\"\" data-start=\"1108\" data-end=\"1133\">\n<p class=\"\" data-start=\"1110\" data-end=\"1133\">\u2705 Presentaci\u00f3n: 1 par<\/p>\n<\/li>\n<li class=\"\" data-start=\"1134\" data-end=\"1161\">\n<p class=\"\" data-start=\"1136\" data-end=\"1161\">\u2705 Reutilizables y c\u00f3modos<\/p>\n<\/li>\n<\/ul>\n<p>&nbsp;<\/p>\n","protected":false},"excerpt":{"rendered":"<p>Guantes recubiertos de nitrilo, ideales para trabajos de precisi\u00f3n. Brindan agarre firme y alta sensibilidad.<\/p>\n","protected":false},"featured_media":299,"comment_status":"open","ping_status":"closed","template":"","meta":{"_uag_custom_page_level_css":"","site-sidebar-layout":"default","site-content-layout":"","ast-site-content-layout":"default","site-content-style":"default","site-sidebar-style":"default","ast-global-header-display":"","ast-banner-title-visibility":"","ast-main-header-display":"","ast-hfb-above-header-display":"","ast-hfb-below-header-display":"","ast-hfb-mobile-header-display":"","site-post-title":"","ast-breadcrumbs-content":"","ast-featured-img":"","footer-sml-layout":"","ast-disable-related-posts":"","theme-transparent-header-meta":"default","adv-header-id-meta":"","stick-header-meta":"","header-above-stick-meta":"","header-main-stick-meta":"","header-below-stick-meta":"","astra-migrate-meta-layouts":"set","ast-page-background-enabled":"default","ast-page-background-meta":{"desktop":{"background-color":"var(--ast-global-color-4)","background-image":"","background-repeat":"repeat","background-position":"center center","background-size":"auto","background-attachment":"scroll","background-type":"","background-media":"","overlay-type":"","overlay-color":"","overlay-opacity":"","overlay-gradient":""},"tablet":{"background-color":"","background-image":"","background-repeat":"repeat","background-position":"center center","background-size":"auto","background-attachment":"scroll","background-type":"","background-media":"","overlay-type":"","overlay-color":"","overlay-opacity":"","overlay-gradient":""},"mobile":{"background-color":"","background-image":"","background-repeat":"repeat","background-position":"center center","background-size":"auto","background-attachment":"scroll","background-type":"","background-media":"","overlay-type":"","overlay-color":"","overlay-opacity":"","overlay-gradient":""}},"ast-content-background-meta":{"desktop":{"background-color":"var(--ast-global-color-5)","background-image":"","background-repeat":"repeat","background-position":"center center","background-size":"auto","background-attachment":"scroll","background-type":"","background-media":"","overlay-type":"","overlay-color":"","overlay-opacity":"","overlay-gradient":""},"tablet":{"background-color":"var(--ast-global-color-5)","background-image":"","background-repeat":"repeat","background-position":"center center","background-size":"auto","background-attachment":"scroll","background-type":"","background-media":"","overlay-type":"","overlay-color":"","overlay-opacity":"","overlay-gradient":""},"mobile":{"background-color":"var(--ast-global-color-5)","background-image":"","background-repeat":"repeat","background-position":"center center","background-size":"auto","background-attachment":"scroll","background-type":"","background-media":"","overlay-type":"","overlay-color":"","overlay-opacity":"","overlay-gradient":""}}},"product_brand":[],"product_cat":[20],"product_tag":[],"class_list":{"0":"post-307","1":"product","2":"type-product","3":"status-publish","4":"has-post-thumbnail","6":"product_cat-herramientas-manuales","7":"desktop-align-left","8":"tablet-align-left","9":"mobile-align-left","11":"first","12":"instock","13":"shipping-taxable","14":"product-type-simple"},"uagb_featured_image_src":{"full":["https:\/\/perupernos.com.pe\/wp-content\/uploads\/2025\/03\/Guantes-Truper-talla-CH-nitrilo.png",1000,1000,false],"thumbnail":["https:\/\/perupernos.com.pe\/wp-content\/uploads\/2025\/03\/Guantes-Truper-talla-CH-nitrilo-150x150.png",150,150,true],"medium":["https:\/\/perupernos.com.pe\/wp-content\/uploads\/2025\/03\/Guantes-Truper-talla-CH-nitrilo-300x300.png",300,300,true],"medium_large":["https:\/\/perupernos.com.pe\/wp-content\/uploads\/2025\/03\/Guantes-Truper-talla-CH-nitrilo-768x768.png",768,768,true],"large":["https:\/\/perupernos.com.pe\/wp-content\/uploads\/2025\/03\/Guantes-Truper-talla-CH-nitrilo.png",1000,1000,false],"1536x1536":["https:\/\/perupernos.com.pe\/wp-content\/uploads\/2025\/03\/Guantes-Truper-talla-CH-nitrilo.png",1000,1000,false],"2048x2048":["https:\/\/perupernos.com.pe\/wp-content\/uploads\/2025\/03\/Guantes-Truper-talla-CH-nitrilo.png",1000,1000,false],"woocommerce_thumbnail":["https:\/\/perupernos.com.pe\/wp-content\/uploads\/2025\/03\/Guantes-Truper-talla-CH-nitrilo-300x300.png",300,300,true],"woocommerce_single":["https:\/\/perupernos.com.pe\/wp-content\/uploads\/2025\/03\/Guantes-Truper-talla-CH-nitrilo-600x600.png",600,600,true],"woocommerce_gallery_thumbnail":["https:\/\/perupernos.com.pe\/wp-content\/uploads\/2025\/03\/Guantes-Truper-talla-CH-nitrilo-100x100.png",100,100,true],"dgwt-wcas-product-suggestion":["https:\/\/perupernos.com.pe\/wp-content\/uploads\/2025\/03\/Guantes-Truper-talla-CH-nitrilo-64x64.png",64,64,true]},"uagb_author_info":{"display_name":"admin","author_link":"https:\/\/perupernos.com.pe\/author"},"uagb_comment_info":0,"uagb_excerpt":"Guantes recubiertos de nitrilo, ideales para trabajos de precisi\u00f3n. Brindan agarre firme y alta sensibilidad.","_links":{"self":[{"href":"https:\/\/perupernos.com.pe\/index.php?rest_route=\/wp\/v2\/product\/307","targetHints":{"allow":["GET"]}}],"collection":[{"href":"https:\/\/perupernos.com.pe\/index.php?rest_route=\/wp\/v2\/product"}],"about":[{"href":"https:\/\/perupernos.com.pe\/index.php?rest_route=\/wp\/v2\/types\/product"}],"replies":[{"embeddable":true,"href":"https:\/\/perupernos.com.pe\/index.php?rest_route=%2Fwp%2Fv2%2Fcomments&post=307"}],"wp:featuredmedia":[{"embeddable":true,"href":"https:\/\/perupernos.com.pe\/index.php?rest_route=\/wp\/v2\/media\/299"}],"wp:attachment":[{"href":"https:\/\/perupernos.com.pe\/index.php?rest_route=%2Fwp%2Fv2%2Fmedia&parent=307"}],"wp:term":[{"taxonomy":"product_brand","embeddable":true,"href":"https:\/\/perupernos.com.pe\/index.php?rest_route=%2Fwp%2Fv2%2Fproduct_brand&post=307"},{"taxonomy":"product_cat","embeddable":true,"href":"https:\/\/perupernos.com.pe\/index.php?rest_route=%2Fwp%2Fv2%2Fproduct_cat&post=307"},{"taxonomy":"product_tag","embeddable":true,"href":"https:\/\/perupernos.com.pe\/index.php?rest_route=%2Fwp%2Fv2%2Fproduct_tag&post=307"}],"curies":[{"name":"wp","href":"https:\/\/api.w.org\/{rel}","templated":true}]}}