{"id":309,"date":"2025-03-22T03:04:22","date_gmt":"2025-03-22T03:04:22","guid":{"rendered":"https:\/\/perupernos.com.pe\/?post_type=product&#038;p=309"},"modified":"2025-03-22T03:04:22","modified_gmt":"2025-03-22T03:04:22","slug":"guantes-truper-de-nitrilo-alta-sensibilidad-talla-g","status":"publish","type":"product","link":"https:\/\/perupernos.com.pe\/?product=guantes-truper-de-nitrilo-alta-sensibilidad-talla-g","title":{"rendered":"Guantes Truper de Nitrilo \u2013 Alta Sensibilidad (Talla G)"},"content":{"rendered":"<p class=\"\" data-start=\"493\" data-end=\"864\">Los <strong data-start=\"497\" data-end=\"544\">Guantes Truper con recubrimiento de nitrilo<\/strong> en talla grande est\u00e1n fabricados para ofrecer confort, precisi\u00f3n y resistencia en entornos exigentes. Su material tejido se ajusta ergon\u00f3micamente a la mano, mientras que el recubrimiento de nitrilo negro garantiza una excelente sensibilidad t\u00e1ctil y durabilidad frente al desgaste, aceites y productos qu\u00edmicos suaves.<\/p>\n<p class=\"\" data-start=\"866\" data-end=\"1061\">Ideales para la industria mec\u00e1nica, construcci\u00f3n, mantenimiento y manipulaci\u00f3n de piezas delicadas. Son reutilizables, lavables y permiten un trabajo seguro sin sacrificar el control y el agarre.<\/p>\n<ul data-start=\"1063\" data-end=\"1227\">\n<li class=\"\" data-start=\"1063\" data-end=\"1096\">\n<p class=\"\" data-start=\"1065\" data-end=\"1096\">\u2705 Alta sensibilidad y confort<\/p>\n<\/li>\n<li class=\"\" data-start=\"1097\" data-end=\"1133\">\n<p class=\"\" data-start=\"1099\" data-end=\"1133\">\u2705 Revestimiento de nitrilo negro<\/p>\n<\/li>\n<li class=\"\" data-start=\"1134\" data-end=\"1156\">\n<p class=\"\" data-start=\"1136\" data-end=\"1156\">\u2705 Talla G (Grande)<\/p>\n<\/li>\n<li class=\"\" data-start=\"1157\" data-end=\"1182\">\n<p class=\"\" data-start=\"1159\" data-end=\"1182\">\u2705 Presentaci\u00f3n: 1 par<\/p>\n<\/li>\n<li class=\"\" data-start=\"1183\" data-end=\"1227\">\n<p class=\"\" data-start=\"1185\" data-end=\"1227\">\u2705 Reutilizables, resistentes y ergon\u00f3micos<\/p>\n<\/li>\n<\/ul>\n","protected":false},"excerpt":{"rendered":"<p>Guantes recubiertos de nitrilo dise\u00f1ados para brindar sensibilidad, agarre firme y protecci\u00f3n en trabajos industriales.<\/p>\n","protected":false},"featured_media":300,"comment_status":"open","ping_status":"closed","template":"","meta":{"_uag_custom_page_level_css":"","site-sidebar-layout":"default","site-content-layout":"","ast-site-content-layout":"default","site-content-style":"default","site-sidebar-style":"default","ast-global-header-display":"","ast-banner-title-visibility":"","ast-main-header-display":"","ast-hfb-above-header-display":"","ast-hfb-below-header-display":"","ast-hfb-mobile-header-display":"","site-post-title":"","ast-breadcrumbs-content":"","ast-featured-img":"","footer-sml-layout":"","ast-disable-related-posts":"","theme-transparent-header-meta":"default","adv-header-id-meta":"","stick-header-meta":"","header-above-stick-meta":"","header-main-stick-meta":"","header-below-stick-meta":"","astra-migrate-meta-layouts":"set","ast-page-background-enabled":"default","ast-page-background-meta":{"desktop":{"background-color":"var(--ast-global-color-4)","background-image":"","background-repeat":"repeat","background-position":"center center","background-size":"auto","background-attachment":"scroll","background-type":"","background-media":"","overlay-type":"","overlay-color":"","overlay-opacity":"","overlay-gradient":""},"tablet":{"background-color":"","background-image":"","background-repeat":"repeat","background-position":"center center","background-size":"auto","background-attachment":"scroll","background-type":"","background-media":"","overlay-type":"","overlay-color":"","overlay-opacity":"","overlay-gradient":""},"mobile":{"background-color":"","background-image":"","background-repeat":"repeat","background-position":"center center","background-size":"auto","background-attachment":"scroll","background-type":"","background-media":"","overlay-type":"","overlay-color":"","overlay-opacity":"","overlay-gradient":""}},"ast-content-background-meta":{"desktop":{"background-color":"var(--ast-global-color-5)","background-image":"","background-repeat":"repeat","background-position":"center center","background-size":"auto","background-attachment":"scroll","background-type":"","background-media":"","overlay-type":"","overlay-color":"","overlay-opacity":"","overlay-gradient":""},"tablet":{"background-color":"var(--ast-global-color-5)","background-image":"","background-repeat":"repeat","background-position":"center center","background-size":"auto","background-attachment":"scroll","background-type":"","background-media":"","overlay-type":"","overlay-color":"","overlay-opacity":"","overlay-gradient":""},"mobile":{"background-color":"var(--ast-global-color-5)","background-image":"","background-repeat":"repeat","background-position":"center center","background-size":"auto","background-attachment":"scroll","background-type":"","background-media":"","overlay-type":"","overlay-color":"","overlay-opacity":"","overlay-gradient":""}}},"product_brand":[],"product_cat":[20],"product_tag":[],"class_list":{"0":"post-309","1":"product","2":"type-product","3":"status-publish","4":"has-post-thumbnail","6":"product_cat-herramientas-manuales","7":"desktop-align-left","8":"tablet-align-left","9":"mobile-align-left","11":"first","12":"instock","13":"shipping-taxable","14":"product-type-simple"},"uagb_featured_image_src":{"full":["https:\/\/perupernos.com.pe\/wp-content\/uploads\/2025\/03\/Guantes-Truper-talla-G-nitrilo.png",1000,1000,false],"thumbnail":["https:\/\/perupernos.com.pe\/wp-content\/uploads\/2025\/03\/Guantes-Truper-talla-G-nitrilo-150x150.png",150,150,true],"medium":["https:\/\/perupernos.com.pe\/wp-content\/uploads\/2025\/03\/Guantes-Truper-talla-G-nitrilo-300x300.png",300,300,true],"medium_large":["https:\/\/perupernos.com.pe\/wp-content\/uploads\/2025\/03\/Guantes-Truper-talla-G-nitrilo-768x768.png",768,768,true],"large":["https:\/\/perupernos.com.pe\/wp-content\/uploads\/2025\/03\/Guantes-Truper-talla-G-nitrilo.png",1000,1000,false],"1536x1536":["https:\/\/perupernos.com.pe\/wp-content\/uploads\/2025\/03\/Guantes-Truper-talla-G-nitrilo.png",1000,1000,false],"2048x2048":["https:\/\/perupernos.com.pe\/wp-content\/uploads\/2025\/03\/Guantes-Truper-talla-G-nitrilo.png",1000,1000,false],"woocommerce_thumbnail":["https:\/\/perupernos.com.pe\/wp-content\/uploads\/2025\/03\/Guantes-Truper-talla-G-nitrilo-300x300.png",300,300,true],"woocommerce_single":["https:\/\/perupernos.com.pe\/wp-content\/uploads\/2025\/03\/Guantes-Truper-talla-G-nitrilo-600x600.png",600,600,true],"woocommerce_gallery_thumbnail":["https:\/\/perupernos.com.pe\/wp-content\/uploads\/2025\/03\/Guantes-Truper-talla-G-nitrilo-100x100.png",100,100,true],"dgwt-wcas-product-suggestion":["https:\/\/perupernos.com.pe\/wp-content\/uploads\/2025\/03\/Guantes-Truper-talla-G-nitrilo-64x64.png",64,64,true]},"uagb_author_info":{"display_name":"admin","author_link":"https:\/\/perupernos.com.pe\/author"},"uagb_comment_info":0,"uagb_excerpt":"Guantes recubiertos de nitrilo dise\u00f1ados para brindar sensibilidad, agarre firme y protecci\u00f3n en trabajos industriales.","_links":{"self":[{"href":"https:\/\/perupernos.com.pe\/index.php?rest_route=\/wp\/v2\/product\/309","targetHints":{"allow":["GET"]}}],"collection":[{"href":"https:\/\/perupernos.com.pe\/index.php?rest_route=\/wp\/v2\/product"}],"about":[{"href":"https:\/\/perupernos.com.pe\/index.php?rest_route=\/wp\/v2\/types\/product"}],"replies":[{"embeddable":true,"href":"https:\/\/perupernos.com.pe\/index.php?rest_route=%2Fwp%2Fv2%2Fcomments&post=309"}],"wp:featuredmedia":[{"embeddable":true,"href":"https:\/\/perupernos.com.pe\/index.php?rest_route=\/wp\/v2\/media\/300"}],"wp:attachment":[{"href":"https:\/\/perupernos.com.pe\/index.php?rest_route=%2Fwp%2Fv2%2Fmedia&parent=309"}],"wp:term":[{"taxonomy":"product_brand","embeddable":true,"href":"https:\/\/perupernos.com.pe\/index.php?rest_route=%2Fwp%2Fv2%2Fproduct_brand&post=309"},{"taxonomy":"product_cat","embeddable":true,"href":"https:\/\/perupernos.com.pe\/index.php?rest_route=%2Fwp%2Fv2%2Fproduct_cat&post=309"},{"taxonomy":"product_tag","embeddable":true,"href":"https:\/\/perupernos.com.pe\/index.php?rest_route=%2Fwp%2Fv2%2Fproduct_tag&post=309"}],"curies":[{"name":"wp","href":"https:\/\/api.w.org\/{rel}","templated":true}]}}